remainder when 647 is divided by 10.
7
Calculate the remainder when 42676 is divided by 40.
36
Calculate the remainder when 286 is divided by 87.
25
Calculate the remainder when 727 is divided by 69.
37
What is the remainder when 1668 is divided by 14?
2
Calculate the remainder when 51 is divided by 26.
25
Calculate the remainder when 1499 is divided by 167.
163
Calculate the remainder when 781 is divided by 112.
109
What is the remainder when 247 is divided by 10?
7
Calculate the remainder when 1154 is divided by 22.
10
What is the remainder when 29327 is divided by 7?
4
What is the remainder when 797 is divided by 112?
13
What is the remainder when 160 is divided by 62?
36
What is the remainder when 134 is divided by 27?
26
Calculate the remainder when 1407 is divided by 88.
87
What is the remainder when 68 is divided by 12?
8
Calculate the remainder when 292 is divided by 142.
8
Calculate the remainder when 287 is divided by 73.
68
Calculate the remainder when 397 is divided by 68.
57
Calculate the remainder when 763 is divided by 197.
172
What is the remainder when 71 is divided by 6?
5
What is the remainder when 309 is divided by 8?
5
What is the remainder when 184 is divided by 27?
22
Calculate the remainder when 267 is divided by 214.
53
What is the remainder when 1554 is divided by 91?
7
What is the remainder when 159 is divided by 7?
5
Calculate the remainder when 109 is divided by 23.
17
Calculate the remainder when 244 is divided by 74.
22
What is the remainder when 1194 is divided by 386?
36
What is the remainder when 28 is divided by 4?
0
Calculate the remainder when 291 is divided by 30.
21
Calculate the remainder when 157 is divided by 85.
72
What is the remainder when 328 is divided by 22?
20
Calculate the remainder when 37 is divided by 4.
1
Calculate the remainder when 206 is divided by 14.
10
What is the remainder when 289 is divided by 129?
31
Calculate the remainder when 403 is divided by 68.
63
Calculate the remainder when 27 is divided by 5.
2
Calculate the remainder when 1896 is divided by 8.
0
Calculate the remainder when 150 is divided by 83.
67
Calculate the remainder when 300 is divided by 43.
42
Calculate the remainder when 229 is divided by 73.
10
What is the remainder when 15743 is divided by 164?
163
What is the remainder when 127 is divided by 2?
1
Calculate the remainder when 1721 is divided by 1721.
0
Calculate the remainder when 140 is divided by 13.
10
What is the remainder when 2301 is divided by 16?
13
Calculate the remainder when 32 is divided by 3.
2
What is the remainder when 216 is divided by 20?
16
What is the remainder when 2845 is divided by 17?
6
What is the remainder when 1047 is divided by 25?
22
Calculate the remainder when 418 is divided by 7.
5
Calculate the remainder when 2072 is divided by 413.
7
Calculate the remainder when 128 is divided by 70.
58
Calculate the remainder when 4430 is divided by 85.
10
Calculate the remainder when 110 is divided by 21.
5
Calculate the remainder when 1612 is divided by 532.
16
What is the remainder when 76 is divided by 40?
36
What is the remainder when 711 is divided by 119?
116
What is the remainder when 386 is divided by 26?
22
Calculate the remainder when 229 is divided by 81.
67
What is the remainder when 1245 is divided by 60?
45
Calculate the remainder when 2699 is divided by 208.
203
What is the remainder when 1137 is divided by 375?
12
What is the remainder when 472 is divided by 25?
22
What is the remainder when 124 is divided by 48?
28
What is the remainder when 607 is divided by 115?
32
What is the remainder when 15 is divided by 4?
3
Calculate the remainder when 456 is divided by 19.
0
Calculate the remainder when 362 is divided by 5.
2
What is the remainder when 341 is divided by 9?
8
Calculate the remainder when 31 is divided by 13.
5
What is the remainder when 1098 is divided by 11?
9
What is the remainder when 360 is divided by 123?
114
What is the remainder when 45297 is divided by 300?
297
What is the remainder when 11300 is divided by 157?
153
What is the remainder when 410 is divided by 84?
74
Calculate the remainder when 89 is divided by 82.
7
Calculate the remainder when 208 is divided by 37.
23
What is the remainder when 857 is divided by 33?
32
Calculate the remainder when 117 is divided by 51.
15
What is the remainder when 806 is divided by 18?
14
What is the remainder when 85 is divided by 46?
39
Calculate the remainder when 867 is divided by 145.
142
What is the remainder when 1416 is divided by 33?
30
Calculate the remainder when 93 is divided by 39.
15
Calculate the remainder when 2701 is divided by 104.
101
What is the remainder when 3884 is divided by 259?
258
Calculate the remainder when 1005 is divided by 204.
189
What is the remainder when 768 is divided by 35?
33
Calculate the remainder when 1327 is divided by 10.
7
What is the remainder when 7835 is divided by 20?
15
Calculate the remainder when 191 is divided by 150.
41
Calculate the remainder when 597 is divided by 141.
33
Calculate the remainder when 633 is divided by 91.
87
Calculate the remainder when 1476 is divided by 1469.
7
Calculate the remainder when 2585 is divided by 516.
5
What is the remainder when 67 is divided by 28?
11
What is the remainder when 137 is divided by 20?
17
Calculate the remainder when 210 is divided by 204.
6
Calculate the remainder when 150 is divided by 15.
0
What is the remainder when 928 is divided by 30?
28
Calculate the remainder when 410 is divided by 59.
56
What is the remainder when 312 is divided by 18?
6
Calculate the remainder when 374 is divided by 188.
186
What is the remainder when 820 is divided by 72?
28
Calculate the remainder when 71 is divided by 18.
17
What is the remainder when 991 is divided by 142?
139
Calculate the remainder when 10490 is divided by 43.
41
Calculate the remainder when 1173 is divided by 17.
0
What is the remainder when 37 is divided by 3?
1
Calculate the remainder when 647 is divided by 308.
31
Calculate the remainder when 5278 is divided by 657.
22
What is the remainder when 145 is divided by 34?
9
What is the remainder when 3418 is divided by 95?
93
What is the remainder when 746 is divided by 22?
20
Calculate the remainder when 1596 is divided by 17.
15
What is the remainder when 4206 is divided by 98?
90
Calculate the remainder when 95 is divided by 5.
0
What is the remainder when 218 is divided by 198?
20
What is the remainder when 9969 is divided by 13?
11
What is the remainder when 191 is divided by 64?
63
Calculate the remainder when 5241 is divided by 57.
54
What is the remainder when 1066 is divided by 270?
256
What is the remainder when 254 is divided by 49?
9
Calculate the remainder when 835 is divided by 15.
10
Calculate the remainder when 133 is divided by 21.
7
What is the remainder when 102 is divided by 55?
47
Calculate the remainder when 55 is divided by 34.
21
Calculate the remainder when 1068 is divided by 269.
261
What is the remainder when 311 is divided by 13?
12
Calculate the remainder when 890 is divided by 41.
29
Calculate the remainder when 36 is divided by 23.
13
What is the remainder when 468 is divided by 224?
20
What is the remainder when 4957 is divided by 26?
17
Calculate the remainder when 644 is divided by 17.
15
Calculate the remainder when 82 is divided by 34.
14
What is the remainder when 83 is divided by 5?
3
What is the remainder when 899 is divided by 9?
8
Calculate the remainder when 453 is divided by 77.
68
Calculate the remainder when 724 is divided by 103.
3
What is the remainder when 166 is divided by 21?
19
What is the remainder when 90 is divided by 8?
2
What is the remainder when 10959 is divided by 203?
200
What is the remainder when 434 is divided by 431?
3
What is the remainder when 580 is divided by 567?
13
Calculate the remainder when 2247 is divided by 88.
47
What is the remainder when 1309 is divided by 57?
55
What is the remainder when 257 is divided by 57?
29
What is the remainder when 1066 is divided by 525?
16
Calculate the remainder when 384 is divided by 77.
76
Calculate the remainder when 808 is divided by 380.
48
What is the remainder when 184 is divided by 71?
42
Calculate the remainder when 4679 is divided by 180.
179
What is th